9 a factor of h?
False
Suppose -2*w + 12 = 2*w. Suppose w*x - 103 + 25 = 0. Does 10 divide x?
False
Let m = -6 - -10. Suppose 2*a + 3*l + 8 = -0*l, m*l = -16. Suppose 2*d = -2*d - 2*u + 78, d - a*u = 27. Is d a multiple of 10?
False
Suppose 6*d = 4*d - 4*w + 268, -260 = -2*d - 2*w. Is 7 a factor of d?
True
Suppose -3*u = -5*y - 129 + 394, u = -4*y + 229. Does 28 divide y?
True
Let y be 4/((-4)/(-3)) - -1. Suppose y = -2*g + 3*b + b, -3*g + 2*b = -6. Let a(c) = c**2 - c - 1. Is a(g) a multiple of 11?
True
Let q(g) = -g**2 + 5*g + 8. Let n be q(6). Suppose 0 = -n*l - 5 - 3. Let r = -2 - l. Is 2 a factor of r?
True
Suppose 48 + 405 = 3*l. Let u = -102 + l. Does 23 divide u?
False
Let j be (5 - (2 + -3)) + -1. Suppose -2*t + j*t - 18 = 0. Let u = -2 + t. Is u a multiple of 4?
True
Suppose -4*x - 95 = -5*i - 14, -3*x - 5*i = 17. Let w(k) = k**2 + 13*k + 14. Is 7 a factor of w(x)?
True
Let k be (5 - 3) + -1 + -1. Suppose k = -3*c + 4*t + 76, 2*c - 5*t + 19 = 3*c. Does 12 divide c?
True
Let s(f) be the first derivative of 2*f**3/3 + f**2/2 - f + 3. Is 14 a factor of s(4)?
False
Suppose 5*t - 1349 = -5*a - 324, -4*a + 813 = -3*t. Let b be a/10 - 4/10. Let p = b - -3. Is 8 a factor of p?
False
Let y be (8/12)/(2/63). Is 12 a factor of (3 - 0/(-3)) + y?
True
Let p be 3/2*16/(-2). Let o = 27 + p. Is o a multiple of 14?
False
Suppose -2*a = -3*a. Suppose a*b = -j + 2*b + 9, 5*b + 27 = 4*j. Suppose 2*h - 30 = -j*h. Is 4 a factor of h?
False
Let u be (4/6)/(1/9). Let f = 11 + u. Does 9 divide f?
False
Let d(u) = -u**3 + 9*u**2 - 4*u - 10. Does 22 divide d(7)?
False
Let c be (17/4)/((-1)/(-8)). Suppose 0 = -b - 0*b + 2*m + 28, -b + 5*m = -c. Is 6 a factor of b?
True
Let w = -5 + 28. Suppose m + 0 = w. Does 10 divide m?
False
Suppose 165 = 16*t - 363. Is t a multiple of 8?
False
Let z = 11 - 6. Does 5 divide z?
True
Does 27 divide (-1 + -5)*(-3 - 15)?
True
Let w = -81 - -113. Is w a multiple of 6?
False
Let n = 1 - 2. Let y(b) = -2 + 1 - 9*b - 3*b. Does 9 divide y(n)?
False
Let d = -1 + -5. Let o(q) = -q. Let m be o(d). Is 9 a factor of (-2 + 8)*m/4?
True
Let r(w) = w**2 + w + 8. Let f be r(8). Suppose -5*d + 12 = -2*d. Suppose d*n - f = -n. Is 11 a factor of n?
False
Let n(m) = 10*m - 3. Does 37 divide n(4)?
True
Let h = -586 + 983. Is h a multiple of 39?
False
Let m = 11 + -4. Suppose m*d - 11*d + 136 = 0. Is d a multiple of 17?
True
Let f(l) = -2*l**3 - 2*l**2 - l - 4. Suppose 0 = 5*k - k + 12. Does 12 divide f(k)?
False
Let i(d) = d**3 - 2*d**2 - 8. Does 4 divide i(4)?
True
Is (97 - -5) + 3*1 a multiple of 33?
False
Suppose 65 = 3*q - 52. Suppose 2*r - 6*k - 38 = -k, 0 = 3*r - 3*k - q. Is r a multiple of 3?
True
Let a be 6/(0 - 3) - -5. Suppose 114 = -a*c + 6*c. Is c a multiple of 8?
False
Let c(g) = 2*g + 2. Let q be c(-3). Let h(d) = -2*d + 1. Is 9 a factor of h(q)?
True
Suppose 3*y + 276 + 54 = 5*x, -3*x = 5*y - 198. Is x a multiple of 11?
True
Suppose 4*c = 3*q + 1, 4*c + 2*q = 2*c + 4. Let i be -2 + c - (-6)/2. Suppose i*t - 40 = -0*t. Is t a multiple of 20?
True
Let v = 3 + -1. Suppose -c - v = -6. Is c even?
True
Suppose 0 = 5*j - 5*n + 280, -3*j - n = n + 153. Let h = -30 + -52. Let m = j - h. Is 14 a factor of m?
False
Let c = -18 + 68. Suppose -2*f - c + 10 = 0. Let n = f + 34. Is n a multiple of 8?
False
Is 8 a factor of 3/((-27)/(-39))*(12 + 0)?
False
Let p(i) = i**3 + 8*i**2 + 6*i - 7. Let m be p(-7). Let c be (-1 - m)*-4*1. Suppose 1 = -c*h + 49. Is h a multiple of 5?
False
Suppose 0 = -3*z + 4*z - 4. Suppose -4*t + z*h = -40, 2*t + 3*h - 12 = h. Does 6 divide t?
False
Is 4 a factor of 9 - (6 - (-9)/(-3))?
False
Let k be 2 - (5 + -3 + 0). Suppose k = -5*d - 0*d + 90. Does 14 divide d?
False
Let q be 65/10 - (-1)/(-2). Let i be (-2 - q/(-9))*-3. Is ((-34)/i)/(3/(-6)) a multiple of 12?
False
Let i = 10 + -7. Let q(d) = -d**3 - 6*d**2 + 14*d + 8. Let a be q(-8). Suppose i*t - a = j, t - 2*t = -4*j - 8. Is 4 a factor of t?
True
Suppose 2*z + z = 6. Suppose 3*d + 2*c - 162 = 0, z*d - c = -0*d + 101. Does 26 divide d?
True
Is 17 a factor of ((-100)/16)/(2/(-16))?
False
Let j = 121 + -67. Is j a multiple of 18?
True
Suppose 8*q - 3*q = 235. Is q a multiple of 47?
True
Is (-15)/25*120/(-4) even?
True
Suppose 137*z - 474 = 135*z. Is z a multiple of 17?
False
Let v(b) = b**2 - 3*b + 3. Is 2 a factor of v(3)?
False
Let l(r) = 10*r + 2. Let t(o) = 2 + o**3 - 7 + 8*o - 2*o**3 + 0 + 6*o**2. Let i be t(7). Is l(i) a multiple of 9?
False
Is 4 a factor of (-51)/(-27) - 1/(-9) - -3?
False
Let n(u) = u**2 + 7. Let a be n(9). Suppose m + a = 5*m. Is m a multiple of 5?
False
Suppose -2*m - 6 = -0*m. Let g = 7 + m. Suppose -1 + g = a. Is a a multiple of 3?
True
Let o(j) = -j**2 - 9*j + 1. Let z be o(-8). Suppose -2*u - 3*u = 30. Let x = z - u. Is 9 a factor of x?
False
Let r = -6 - -9. Let x(g) = -2*g**3 - 3*g**2. Let z be x(-2). Suppose 9*o + 5*l = z*o + 215, -r*o = -2*l - 124. Does 14 divide o?
True
Suppose 3 + 3 = 2*c, -10 = -5*w + 5*c. Suppose 10 = w*b - 2*q - 80, -4*b + 4*q + 60 = 0. Is 20 a factor of b?
True
Suppose v = 4, -78 = -2*a - 2*v + 24. Is a a multiple of 12?
False
Let k be 2/(-9) + (-60)/(-27). Suppose k*u + 2 = 24. Is 11 a factor of u?
True
Let z = 25 - 13. Let d be ((-9)/(-12))/((-2)/8). Let a = z + d. Is a a multiple of 5?
False
Suppose 3*y = 3*i + 222, -y - 8*i + 4*i + 84 = 0. Is y a multiple of 38?
True
Suppose -4*d + 3*n = 8*n - 11, 0 = 3*n + 3. Suppose -r + 5*p + 20 = 3*r, 3*p - 52 = -d*r. Suppose z = 1 + r. Is 4 a factor of z?
False
Let d = 5 - 4. Let u be d*(-7 - 0) + 0. Let n = 23 - u. Is n a multiple of 15?
True
Let l(b) = 2*b**3 + 9*b**2 + 5*b - 4. Let p(w) = w**3 + w**2 - w + 1. Let d(n) = l(n) - 3*p(n). Let q be d(7). Suppose 2*c + 0*c - 48 = q. Does 12 divide c?
True
Let b(y) = -2*y**3 + 11*y**2 - 2*y. Is b(5) even?
False
Suppose 0 = 4*f + 18 - 2. Does 12 divide -10*(-6)/(-1 - f)?
False
Let g = 6 + -3. Suppose -g*c - 3*y + 3 = 0, -3*y = c - 0*y + 5. Suppose 0*r - 5*a = -c*r + 28, -4*a - 21 = -3*r. Does 7 divide r?
True
Let h(r) = r + 19. Does 6 divide h(-9)?
False
Let o = -59 - -124. Does 7 divide o?
False
Let w(m) = 10*m**2 - 3*m + 5. Is w(-4) a multiple of 28?
False
Let z(g) = -7*g**2 + 2*g + 1. Let t be z(-3). Let q = t + 109. Is q a multiple of 11?
False
Suppose x - 4 = -10. Let m(t) = -4*t + 4. Does 14 divide m(x)?
True
Let y = 24 - 20. Does 4 divide y?
True
Let m(u) = u - 2. Let t be m(-6). Let a(x) = -2*x - 8. Let z be a(t). Let o(v) = 3*v - 12. Is 12 a factor of o(z)?
True
Suppose 0 = -0*x - 6*x + 450. Does 13 divide x?
False
Let d be 24/(-14) + (-6)/21. Let x be (-1)/4*2*0. Does 13 divide x/2 + d - -15?
True
Suppose -5*f - 29 = 11. Let j(o) = o**2 + 7*o - 1. Let b be j(f). Let v(h) = 2*h - 7. Is 7 a factor of v(b)?
True
Let q = -5 + 10. Suppose 0 = q*i - 16 - 164. Is 15 a factor of i?
False
Is (1 + 14)*160/24 a multiple of 25?
True
Let m(z) = 5*z**3 - 5*z**3 - z**2 + z**3 - 1 + z. Let d be m(1). Suppose 3*q - q - 52 = d. Is q a multiple of 10?
False
Let a = -52 + 227. Does 25 divide a?
True
Suppose 0 = o - 9 - 11. Is o a multiple of 14?
False
Let r = 125 - 86. Let l = r - 10. Suppose -5*h = -o - l, -4*h = -4*o - 5 - 15. Is h a multiple of 6?
True
Let o = 4 - 0. Suppose -o*y + 3*b = 44, 44 = -0*y - 4*y + 2*b. Let n = -5 - y. Is n a multiple of 3?
True
Let k be ((-5)/3)/(1/(-3)). Let l(u) = -5 - 1 - u - k*u. Does 15 divide l(-7)?
False
Suppose 4*r - 2*r + 2 = 0. Is 3 a factor of 78/10 + r/(-5)?
False
Suppose -2 + 10 = 4*d. Let h be 1*d*(-2 - -3). Let w = 0 + h. Is 2 a factor of w?
True
Let a be (-3)/3 + 0 + 43. Suppose -a = -t + 8. Is 18 a factor of t?
False
Let w = -390 - -673. Is w a multiple of 17?
False
Suppose -3*b - 5*x - 24 = -4*b, -3*x = -2*b + 13. Is 2 + (b - 1 - -8) a multiple of 4?
True
Let v(m) = -m**3 + 7*m**2 + m - 7. Let l(g) = 2*g**2 + g - 1. Let h be l(-2). Does 16 divide v(h)?
True
Is 8 a factor of (405/(-20))/((-6)/16)?
False
Suppose -65 = -3*m + 70. Is 9 a factor of m?
True
Suppose 5 + 19 = -4*d. Is (3/d)/(2/(-152)) a multiple of 19?
True
Let r(o) = 2*o + 1. Let v be r(3). Suppose -v + 4 = -3*u, -u = -5*j + 14. Suppose 5*a + 6 + 4 = 0, -h + 28 = j*a. Is h a multiple of 17?
True
Let v = 9 - -1. Is 3 a factor of 12/v*(-30)/(-4)?
True
Suppose 34 = -5*c + 9. Does 6 divide 186/10 + 3/c?
True
Suppose 3*a + 